
290
What is the remainder when 1960979 is divided by 870?
869
What is the remainder when 180435 is divided by 219?
198
Calculate the remainder when 1699 is divided by 284.
279
What is the remainder when 4328 is divided by 20?
8
Calculate the remainder when 24101 is divided by 2661.
152
What is the remainder when 129958 is divided by 1140?
1138
Calculate the remainder when 47384 is divided by 379.
9
What is the remainder when 9862 is divided by 664?
566
Calculate the remainder when 24490 is divided by 8151.
37
Calculate the remainder when 30494 is divided by 3049.
4
What is the remainder when 2942 is divided by 392?
198
What is the remainder when 513749 is divided by 134?
127
What is the remainder when 169329 is divided by 756?
741
What is the remainder when 10457 is divided by 1426?
475
Calculate the remainder when 1965 is divided by 1124.
841
Calculate the remainder when 10187 is divided by 244.
183
Calculate the remainder when 5373 is divided by 14.
11
Calculate the remainder when 8565 is divided by 2138.
13
What is the remainder when 68093 is divided by 34?
25
Calculate the remainder when 2900 is divided by 693.
128
Calculate the remainder when 114710 is divided by 233.
74
What is the remainder when 748 is divided by 668?
80
What is the remainder when 405 is divided by 35?
20
What is the remainder when 728499 is divided by 124?
123
Calculate the remainder when 3445 is divided by 144.
133
What is the remainder when 126111 is divided by 109?
107
What is the remainder when 9105 is divided by 337?
6
Calculate the remainder when 21599 is divided by 568.
15
Calculate the remainder when 354524 is divided by 24.
20
What is the remainder when 29721 is divided by 29720?
1
Calculate the remainder when 147701 is divided by 33.
26
Calculate the remainder when 1198 is divided by 189.
64
Calculate the remainder when 8539 is divided by 5.
4
What is the remainder when 24796 is divided by 21?
16
What is the remainder when 10771 is divided by 613?
350
What is the remainder when 49194 is divided by 8197?
12
What is the remainder when 14190 is divided by 23?
22
Calculate the remainder when 80399 is divided by 268.
267
Calculate the remainder when 1692 is divided by 337.
7
Calculate the remainder when 2296310 is divided by 18.
14
What is the remainder when 9537 is divided by 220?
77
What is the remainder when 1490 is divided by 569?
352
Calculate the remainder when 70652 is divided by 232.
124
Calculate the remainder when 275023 is divided by 191.
174
Calculate the remainder when 28290 is divided by 27.
21
Calculate the remainder when 3320 is divided by 226.
156
Calculate the remainder when 18268 is divided by 10.
8
What is the remainder when 2090 is divided by 370?
240
Calculate the remainder when 78348 is divided by 664.
660
What is the remainder when 5834 is divided by 2917?
0
What is the remainder when 7809 is divided by 166?
7
What is the remainder when 2309 is divided by 49?
6
Calculate the remainder when 1015 is divided by 458.
99
Calculate the remainder when 70798 is divided by 20.
18
Calculate the remainder when 2086 is divided by 869.
348
What is the remainder when 2192 is divided by 68?
16
What is the remainder when 18430924 is divided by 653?
652
What is the remainder when 4669 is divided by 58?
29
Calculate the remainder when 8475 is divided by 76.
39
Calculate the remainder when 186236 is divided by 45.
26
What is the remainder when 176799 is divided by 373?
370
What is the remainder when 379704 is divided by 17?
9
What is the remainder when 743865 is divided by 13?
5
Calculate the remainder when 12731 is divided by 5882.
967
What is the remainder when 141279 is divided by 156?
99
Calculate the remainder when 1216940 is divided by 11.
10
What is the remainder when 2303 is divided by 10?
3
What is the remainder when 871775 is divided by 19?
17
Calculate the remainder when 270512 is divided by 699.
698
What is the remainder when 43989 is divided by 1195?
969
What is the remainder when 132564 is divided by 13252?
44
What is the remainder when 23136 is divided by 345?
21
Calculate the remainder when 58218 is divided by 90.
78
Calculate the remainder when 32 is divided by 7.
4
What is the remainder when 424 is divided by 72?
64
Calculate the remainder when 140597 is divided by 475.
472
Calculate the remainder when 155002 is divided by 603.
31
Calculate the remainder when 9024 is divided by 238.
218
What is the remainder when 33129 is divided by 29?
11
Calculate the remainder when 6421 is divided by 489.
64
What is the remainder when 56272 is divided by 111?
106
Calculate the remainder when 11209 is divided by 445.
84
What is the remainder when 24811 is divided by 28?
3
Calculate the remainder when 49344 is divided by 69.
9
What is the remainder when 15682 is divided by 63?
58
What is the remainder when 6570 is divided by 6554?
16
Calculate the remainder when 1933 is divided by 693.
547
Calculate the remainder when 24288 is divided by 392.
376
What is the remainder when 2685122 is divided by 21?
20
What is the remainder when 485186 is divided by 41?
33
Calculate the remainder when 72446 is divided by 15.
11
What is the remainder when 1629397 is divided by 731?
729
Calculate the remainder when 249054 is divided by 54.
6
Calculate the remainder when 15116 is divided by 20.
16
What is the remainder when 1361 is divided by 141?
92
What is the remainder when 14521 is divided by 414?
31
Calculate the remainder when 9748 is divided by 390.
388
Calculate the remainder when 4993869 is divided by 624.
621
Calculate the remainder when 91628 is divided by 77.
75
What is the remainder when 45227 is divided by 156?
143
Calculate the remainder when 25609 is divided by 4264.
25
Calculate the remainder when 4484 is divided by 10.
4
What is the remainder when 214 is divided by 156?
58
What is the remainder when 229407 is divided by 24?
15
Calculate the remainder when 107543 is divided by 355.
333
Calculate the remainder when 882890 is divided by 17.
12
What is the remainder when 2266 is divided by 184?
58
Calculate the remainder when 575342 is divided by 28.
26
Calculate the remainder when 34959 is divided by 248.
239
Calculate the remainder when 818 is divided by 272.
2
What is the remainder when 174729 is divided by 14556?
57
Calculate the remainder when 435 is divided by 237.
198
What is the remainder when 20443 is divided by 227?
13
What is the remainder when 1560186 is divided by 64?
58
What is the remainder when 90940 is divided by 455?
395
What is the remainder when 5878 is divided by 245?
243
Calculate the remainder when 23101 is divided by 14.
1
What is the remainder when 9087 is divided by 8?
7
Calculate the remainder when 13466 is divided by 1088.
410
What is the remainder when 25985 is divided by 122?
121
Calculate the remainder when 8710 is divided by 198.
196
What is the remainder when 2349 is divided by 797?
755
Calculate the remainder when 143359 is divided by 32.
31
Calculate the remainder when 12811 is divided by 51.
10
Calculate the remainder when 12852 is divided by 11.
4
What is the remainder when 110740 is divided by 254?
250
What is the remainder when 33433 is divided by 11139?
16
Calculate the remainder when 10561 is divided by 810.
31
What is the remainder when 611679 is divided by 4?
3
What is the remainder when 395 is divided by 205?
190
Calculate the remainder when 2026 is divided by 1034.
992
What is the remainder when 41954 is divided by 33?
11
Calculate the remainder when 1835948 is divided by 13.
10
Calculate the remainder when 5249 is divided by 434.
41
What is the remainder when 33576 is divided by 46?
42
What is the remainder when 84453 is divided by 36?
33
Calculate the remainder when 13429 is divided by 21.
10
Calculate the remainder when 1687 is divided by 26.
23
Calculate the remainder when 4925 is divided by 727.
563
What is the remainder when 2193 is divided by 1066?
61
Calculate the remainder when 12386 is divided by 27.
20
What is the remainder when 20083 is divided by 126?
49
What is the remainder when 148186 is divided by 47?
42
What is the remainder when 4549 is divided by 14?
13
What is the remainder when 33133 is divided by 223?
129
What is the remainder when 3448 is divided by 1194?
1060
What is the remainder when 422